893?
False
Is 2425 a multiple of 12?
False
Does 17 divide 288?
False
Is 14 a factor of 13013?
False
Does 3 divide 988?
False
Is 2 a factor of 649?
False
Is 846 a multiple of 18?
True
Does 167 divide 8054?
False
Is 19030 a multiple of 27?
False
Is 192 a factor of 38508?
False
Is 178 a factor of 85084?
True
Is 18 a factor of 92675?
False
Is 47482 a multiple of 21?
False
Is 6 a factor of 431?
False
Is 68641 a multiple of 115?
False
Is 6 a factor of 11178?
True
Is 12 a factor of 18693?
False
Does 145 divide 29435?
True
Is 10880 a multiple of 64?
True
Does 73 divide 6497?
True
Is 649 a multiple of 86?
False
Does 12 divide 504?
True
Is 47376 a multiple of 24?
True
Is 14705 a multiple of 12?
False
Is 9 a factor of 1157?
False
Does 163 divide 16117?
False
Is 8 a factor of 11344?
True
Does 17 divide 16915?
True
Does 22 divide 19187?
False
Does 6 divide 18306?
True
Does 41 divide 353?
False
Is 1107 a multiple of 27?
True
Is 11 a factor of 190?
False
Does 49 divide 8931?
False
Is 98 a factor of 15304?
False
Does 78 divide 11856?
True
Is 99 a factor of 8123?
False
Does 10 divide 2506?
False
Is 11 a factor of 82284?
False
Is 5 a factor of 719?
False
Is 39 a factor of 4251?
True
Does 6 divide 9582?
True
Is 34 a multiple of 4?
False
Does 4 divide 1733?
False
Is 26096 a multiple of 14?
True
Does 7 divide 28660?
False
Is 6017 a multiple of 27?
False
Does 7 divide 11648?
True
Is 29 a factor of 15051?
True
Is 217 a multiple of 7?
True
Is 540 a multiple of 60?
True
Is 16123 a multiple of 13?
False
Is 6 a factor of 631?
False
Does 59 divide 3515?
False
Is 1272 a multiple of 6?
True
Does 132 divide 121308?
True
Is 13 a factor of 72?
False
Is 228 a factor of 54523?
False
Is 31 a factor of 279?
True
Is 7909 a multiple of 9?
False
Does 9 divide 468?
True
Does 495 divide 54945?
True
Is 71 a factor of 4189?
True
Is 74 a factor of 1702?
True
Is 1164 a multiple of 6?
True
Is 8 a factor of 2797?
False
Is 12 a factor of 4910?
False
Is 3 a factor of 162?
True
Does 6 divide 230?
False
Is 1513 a multiple of 17?
True
Is 9282 a multiple of 39?
True
Does 26 divide 32557?
False
Is 11 a factor of 410?
False
Is 12334 a multiple of 83?
False
Does 13 divide 12047?
False
Is 18619 a multiple of 50?
False
Is 23 a factor of 713?
True
Is 52 a factor of 2496?
True
Is 1000 a multiple of 19?
False
Does 42 divide 3405?
False
Does 17 divide 66827?
True
Is 22 a factor of 440?
True
Is 11 a factor of 8448?
True
Is 38 a factor of 22276?
False
Does 9 divide 10230?
False
Does 6 divide 192?
True
Is 50 a factor of 3150?
True
Is 11 a factor of 341?
True
Does 8 divide 104?
True
Is 35 a factor of 1015?
True
Is 42 a factor of 6804?
True
Does 124 divide 14632?
True
Does 5 divide 77?
False
Is 3700 a multiple of 25?
True
Is 106 a factor of 21490?
False
Is 7125 a multiple of 125?
True
Is 150 a multiple of 3?
True
Is 218 a factor of 61258?
True
Is 260 a multiple of 2?
True
Does 69 divide 1587?
True
Is 3440 a multiple of 40?
True
Is 6 a factor of 552?
True
Is 366 a multiple of 3?
True
Does 6 divide 1597?
False
Is 112450 a multiple of 20?
False
Is 14512 a multiple of 16?
True
Is 9 a factor of 2670?
False
Is 5 a factor of 1415?
True
Is 79 a factor of 2210?
False
Is 8 a factor of 43787?
False
Does 10 divide 3670?
True
Is 72 a factor of 4104?
True
Is 40 a factor of 1040?
True
Does 35 divide 1610?
True
Is 950 a multiple of 116?
False
Is 11 a factor of 165?
True
Is 9 a factor of 5628?
False
Is 27 a factor of 46682?
False
Is 665 a multiple of 35?
True
Is 17066 a multiple of 154?
False
Does 164 divide 58669?
False
Is 106 a factor of 3604?
True
Is 3400 a multiple of 14?
False
Does 30 divide 2340?
True
Is 49 a factor of 53183?
False
Is 10560 a multiple of 44?
True
Is 461 a multiple of 3?
False
Is 1925 a multiple of 25?
True
Is 2530 a multiple of 11?
True
Is 17 a factor of 1071?
True
Does 22 divide 14762?
True
Does 3 divide 2158?
False
Is 285 a factor of 46455?
True
Does 16 divide 5200?
True
Is 33 a factor of 10956?
True
Does 64 divide 2784?
False
Is 6200 a multiple of 31?
True
Does 41 divide 4259?
False
Is 6 a factor of 322?
False
Does 23 divide 3565?
True
Does 88 divide 45713?
False
Is 21 a factor of 21?
True
Does 83 divide 1328?
True
Is 16438 a multiple of 222?
False
Is 42 a factor of 1898?
False
Is 115 a multiple of 23?
True
Does 21 divide 21865?
False
Is 393 a multiple of 19?
False
Is 11 a factor of 863?
False
Is 18 a factor of 7535?
False
Is 28 a factor of 2044?
True
Does 16 divide 717?
False
Is 12 a factor of 456?
True
Does 215 divide 16934?
False
Is 758 a multiple of 11?
False
Is 5 a factor of 707?
False
Is 41 a factor of 25440?
False
Does 59 divide 354?
True
Is 7704 a multiple of 36?
True
Does 38 divide 654?
False
Is 16 a factor of 96?
True
Does 17 divide 272?
True
Does 59 divide 4956?
True
Is 3612 a multiple of 9?
False
Is 3335 a multiple of 23?
True
Is 16 a factor of 256?
True
Is 3927 a multiple of 21?
True
Is 10310 a multiple of 5?
True
Is 3042 a multiple of 9?
True
Does 177 divide 41241?
True
Is 67 a factor of 4475?
False
Is 7 a factor of 87?
False
Does 78 divide 1014?
True
Does 13 divide 598?
True
Is 6100 a multiple of 36?
False
Is 402 a multiple of 6?
True
Is 13 a factor of 1209?
True
Is 24 a factor of 46363?
False
Is 330 a multiple of 3?
True
Is 63141 a multiple of 6?
False
Does 6 divide 1527?
False
Is 149 a factor of 909?
False
Is 20 a factor of 2965?
False
Does 14 divide 319?
False
Does 26 divide 1898?
True
Is 296 a factor of 42624?
True
Is 7 a factor of 679?
True
Is 2816 a multiple of 20?
False
Is 20 a factor of 5317?
False
Does 35 divide 14560?
True
Is 10 a factor of 200?
True
Does 4 divide 112?
True
Does 13 divide 6526?
True
Is 107 a factor of 602?
False
Is 105 a multiple of 7?
True
Is 468 a multiple of 5?
False
Is 3 a factor of 9289?
False
Is 25 a factor of 4328?
False
Is 270 a factor of 46980?
True
Is 12 a factor of 168?
True
Is 2 a factor of 421?
False
Is 1997 a multiple of 112?
False
Is 194 a multiple of 85?
False
Is 773 a multiple of 41?
False
Does 5 divide 1135?
True
Does 91 divide 5755?
False
Is 213 a multiple of 71?
True
Is 6358 a multiple of 11?
True
Is 139 a multiple of 2?
False
Does 23 divide 5165?
False
Is 13 a factor of 48764?
False
Is 255 a factor of 24225?
True
Does 12 divide 5963?
False
Is 1937 a multiple of 149?
True
Does 2 divide 239?
False
Does 4 divide 56?
True
Is 2968 a multiple of 28?
True
Is 3060 a multiple of 51?
True
Is 3670 a multiple of 37?
False
Is 76 a multiple of 29?
False
Is 8789 a multiple of 187?
True
Is 1144 a multiple of 13?
True
Is 12 a factor of 171?
False
Does 7 divide 651?
True
Is 458 even?
True
Is 97 a factor of 194?
True
Is 11 a factor of 852?
False
Is 4121 a multiple of 29?
False
Does 21 divide 1071?
True
Is 163 a factor of 12979?
False
Is 4830 a multiple of 15?
True
Is 124 a factor of 238?
False
Is 2602 a multiple of 35?
False
Is 52 a factor of 1732?
False
Is 14 a factor of 36407?
False
Is 1160 a multiple of 58?
True
Is 79 a factor of 352?
False
Is 31 a factor of 2181?
False
Is 15 a factor of 7128?
False
Is 994 a multiple of 10?
False
Is 11396 a multiple of 259?
True
Is 3379 a multiple of 31?
True
Does 63 divide 1134?
True
Does 49 divide 37877?
True
Is 15842 a multiple of 52?
False
Is 173 a factor of 6747?
True
Does 10 divide 2365?
False
Is 207 a factor of 16087?
False
Is 4 a factor of 1120?
True
Does 20 divide 1671?
False
Is 6851 a multiple of 17?
True
Is 1339 a multiple of 13?
True
Is 2066 a multiple of 15?
False
Does 50 divide 96218?
False
Is 197 a multiple of 15?
False
Is 114 a multiple of 37?
False
Is 16 a factor of 480?
True
Does 12 divide 1788?
True
Does 6 divide 327?
False
Is 43 a factor of 296?
False
Does 10 divide 19329?
False
Is 5 a factor of 8029?
False
Is 1325 a multiple of 46?
False
Does 56 divide 18312?
True
Is 2149 a multiple of 95?
False
Does 32 divide 608?
True
Does 10 divide 1927?
False
Is 945 a multiple of 27?
True
Is 494 a multiple of 13?
True
Is 16 a factor of 1600?
True
Is 7559 even?
False
Is 21 even?
False
Does 6 divide 20718?
True
Does 36 divide 3929?
False
Is 9 a factor of 123?
False
Does 3 divide 106?
False
Is 3 a factor of 222?
True
Does 37 divide 296?
True
Is 11 a factor of 76940?
False
Does 11 divide 1485?
True
Does 35 divide 307?
False
Is 4824 a multiple of 72?
True
Is 63 a factor of 18522?
True
Does 32 divide 196?
False
Is 